{"id":4266,"date":"2019-09-09T09:53:28","date_gmt":"2019-09-09T12:53:28","guid":{"rendered":"https:\/\/dre.crp.ufv.br\/?page_id=4266"},"modified":"2025-03-21T12:53:02","modified_gmt":"2025-03-21T15:53:02","slug":"formularios","status":"publish","type":"page","link":"https:\/\/dre.crp.ufv.br\/?page_id=4266","title":{"rendered":"Formul\u00e1rios Monitoria"},"content":{"rendered":"\n<hr class=\"wp-block-separator has-alpha-channel-opacity\"\/>\n\n\n\n<p class=\"has-vivid-red-color has-text-color has-link-color wp-elements-86a1c58d1969e23569223228deac0819\"><strong>EM CONSTRU\u00c7\u00c3O!!!<\/strong><\/p>\n\n\n\n<p><a href=\"https:\/\/dre.crp.ufv.br\/wp-content\/uploads\/Modelo-de-Edital-N\u00edvel-I-Remunerado-IBP.docx\">Edital de Sele\u00e7\u00e3o Monitor Remunerado N\u00edvel I<\/a><\/p>\n\n\n\n<p><a href=\"https:\/\/dre.crp.ufv.br\/wp-content\/uploads\/Modelo-de-Edital-N\u00edvel-II-Remunerado-IBP.docx\">Modelo de Edital N\u00edvel II Remunerado<\/a><\/p>\n\n\n\n<p><a href=\"https:\/\/dre.crp.ufv.br\/wp-content\/uploads\/Modelo-de-Edital-N\u00edvel-I-Volunt\u00e1rio-IBP.docx\">Modelo de Edital N\u00edvel I Volunt\u00e1rio<\/a><\/p>\n\n\n\n<p><a href=\"https:\/\/dre.crp.ufv.br\/wp-content\/uploads\/Ficha-de-Inscri\u00e7\u00e3o-Adaptada.docx\">Ficha de Inscri\u00e7\u00e3o<\/a><\/p>\n\n\n\n<p><a href=\"https:\/\/dre.crp.ufv.br\/wp-content\/uploads\/Ata-de-sele\u00e7\u00e3o-Monitoria.docx\">Ata de sele\u00e7\u00e3o Monitoria<\/a><\/p>\n\n\n\n<p><a href=\"https:\/\/dre.crp.ufv.br\/wp-content\/uploads\/Plano-de-trabalho_Remunerado-monitor-I-ou-II.docx\">Plano de trabalho &#8211; Remunerado monitor I ou II<\/a><\/p>\n\n\n\n<p><a href=\"https:\/\/dre.crp.ufv.br\/wp-content\/uploads\/Plano-de-trabalho_Volunt\u00e1rio-Monitor-I-ou-II.docx\">Plano de trabalho &#8211; Volunt\u00e1rio Monitor I ou II<\/a><\/p>\n\n\n\n<p><a href=\"https:\/\/dre.crp.ufv.br\/wp-content\/uploads\/Termo-de-compromisso_Remunerado-N\u00edvel-I-ou-II-IBP.docx\">Termo de compromisso &#8211; Remunerado N\u00edvel I ou II<\/a><\/p>\n\n\n\n<p><a href=\"https:\/\/dre.crp.ufv.br\/wp-content\/uploads\/Termo-de-compromisso_Volunt\u00e1rio-I-ou-II-IBP.docx\">Termo de compromisso &#8211; Volunt\u00e1rio I ou II<\/a><\/p>\n\n\n\n<p><a href=\"https:\/\/dre.crp.ufv.br\/wp-content\/uploads\/Relat\u00f3rio-de-Frequ\u00eancia-Remunerado-.docx\">Relat\u00f3rio de Frequ\u00eancia e de Atividades de Monitoria<\/a><\/p>\n\n\n\n<p><a href=\"https:\/\/dre.crp.ufv.br\/wp-content\/uploads\/rel_semest_ativ_monitoria.docx\">Relat\u00f3rio Semestral de Atividades de Monitoria<\/a><\/p>\n\n\n\n<hr class=\"wp-block-separator has-alpha-channel-opacity\"\/>\n","protected":false},"excerpt":{"rendered":"<p>EM CONSTRU\u00c7\u00c3O!!! Edital de Sele\u00e7\u00e3o Monitor Remunerado N\u00edvel I Modelo de Edital N\u00edvel II Remunerado Modelo de Edital N\u00edvel I Volunt\u00e1rio Ficha de Inscri\u00e7\u00e3o Ata de sele\u00e7\u00e3o Monitoria Plano de trabalho &#8211; Remunerado monitor I ou II Plano de trabalho &#8211; Volunt\u00e1rio Monitor I ou II Termo de compromisso &#8211; Remunerado N\u00edvel I ou II [&hellip;]<\/p>\n","protected":false},"author":4,"featured_media":0,"parent":161,"menu_order":0,"comment_status":"closed","ping_status":"closed","template":"","meta":{"footnotes":""},"class_list":["post-4266","page","type-page","status-publish","hentry"],"_links":{"self":[{"href":"https:\/\/dre.crp.ufv.br\/index.php?rest_route=\/wp\/v2\/pages\/4266","targetHints":{"allow":["GET"]}}],"collection":[{"href":"https:\/\/dre.crp.ufv.br\/index.php?rest_route=\/wp\/v2\/pages"}],"about":[{"href":"https:\/\/dre.crp.ufv.br\/index.php?rest_route=\/wp\/v2\/types\/page"}],"author":[{"embeddable":true,"href":"https:\/\/dre.crp.ufv.br\/index.php?rest_route=\/wp\/v2\/users\/4"}],"replies":[{"embeddable":true,"href":"https:\/\/dre.crp.ufv.br\/index.php?rest_route=%2Fwp%2Fv2%2Fcomments&post=4266"}],"version-history":[{"count":35,"href":"https:\/\/dre.crp.ufv.br\/index.php?rest_route=\/wp\/v2\/pages\/4266\/revisions"}],"predecessor-version":[{"id":5600,"href":"https:\/\/dre.crp.ufv.br\/index.php?rest_route=\/wp\/v2\/pages\/4266\/revisions\/5600"}],"up":[{"embeddable":true,"href":"https:\/\/dre.crp.ufv.br\/index.php?rest_route=\/wp\/v2\/pages\/161"}],"wp:attachment":[{"href":"https:\/\/dre.crp.ufv.br\/index.php?rest_route=%2Fwp%2Fv2%2Fmedia&parent=4266"}],"curies":[{"name":"wp","href":"https:\/\/api.w.org\/{rel}","templated":true}]}}